{"id":130,"date":"2024-02-19T17:00:28","date_gmt":"2024-02-19T17:00:28","guid":{"rendered":"https:\/\/annapapp.art\/?page_id=130"},"modified":"2025-09-22T13:08:20","modified_gmt":"2025-09-22T13:08:20","slug":"portfolio","status":"publish","type":"page","link":"https:\/\/annapapp.art\/","title":{"rendered":"Portfolio"},"content":{"rendered":"\t\t<div data-elementor-type=\"wp-page\" data-elementor-id=\"130\" class=\"elementor elementor-130\">\n\t\t\t\t<div class=\"elementor-element elementor-element-2a375e5 e-flex e-con-boxed e-con e-parent\" data-id=\"2a375e5\" data-element_type=\"container\" data-settings=\"{&quot;content_width&quot;:&quot;boxed&quot;}\" data-core-v316-plus=\"true\">\n\t\t\t\t\t<div class=\"e-con-inner\">\n\t\t\t\t<div class=\"elementor-element elementor-element-8b60be3 elementor-widget elementor-widget-image\" data-id=\"8b60be3\" data-element_type=\"widget\" data-widget_type=\"image.default\">\n\t\t\t\t<div class=\"elementor-widget-container\">\n\t\t\t<style>\/*! elementor - v3.19.0 - 07-02-2024 *\/\n.elementor-widget-image{text-align:center}.elementor-widget-image a{display:inline-block}.elementor-widget-image a img[src$=\".svg\"]{width:48px}.elementor-widget-image img{vertical-align:middle;display:inline-block}<\/style>\t\t\t\t\t\t\t\t\t\t<img fetchpriority=\"high\" decoding=\"async\" width=\"800\" height=\"299\" src=\"https:\/\/annapapp.art\/wp-content\/uploads\/2024\/02\/covers-01-1024x383.png\" class=\"attachment-large size-large wp-image-196\" alt=\"\" srcset=\"https:\/\/annapapp.art\/wp-content\/uploads\/2024\/02\/covers-01-1024x383.png 1024w, https:\/\/annapapp.art\/wp-content\/uploads\/2024\/02\/covers-01-300x112.png 300w, https:\/\/annapapp.art\/wp-content\/uploads\/2024\/02\/covers-01-768x287.png 768w, https:\/\/annapapp.art\/wp-content\/uploads\/2024\/02\/covers-01-1536x575.png 1536w, https:\/\/annapapp.art\/wp-content\/uploads\/2024\/02\/covers-01.png 2001w\" sizes=\"(max-width: 800px) 100vw, 800px\" \/>\t\t\t\t\t\t\t\t\t\t\t\t\t<\/div>\n\t\t\t\t<\/div>\n\t\t\t\t\t<\/div>\n\t\t\t\t<\/div>\n\t\t<div class=\"elementor-element elementor-element-1e514f0 e-flex e-con-boxed e-con e-parent\" data-id=\"1e514f0\" data-element_type=\"container\" data-settings=\"{&quot;content_width&quot;:&quot;boxed&quot;}\" data-core-v316-plus=\"true\">\n\t\t\t\t\t<div class=\"e-con-inner\">\n\t\t\t\t<div class=\"elementor-element elementor-element-c536c79 elementor-widget elementor-widget-elpug\" data-id=\"c536c79\" data-element_type=\"widget\" data-widget_type=\"elpug.default\">\n\t\t\t\t<div class=\"elementor-widget-container\">\n\t\t\t\t\t\n\t\n\t\t<input id=\"powerfolio_pagination_postsperpage\" type=\"hidden\" value=\"\"\/><div class=\"elpt-portfolio elpt_powerfolio_76246\"><div class=\"elpt-portfolio-content elpt-portfolio-content-isotope elpt-portfolio-style-masonry  simple elpt-portfolio-columns-3  elpt-portfolio-margin\"><div class=\"portfolio-item-wrapper 610 post-130 page type-page status-publish hentry\"><a href=\"https:\/\/annapapp.art\/?elemenfolio=broken-presence\" class=\"portfolio-item \" style=\"background-image: url(https:\/\/annapapp.art\/wp-content\/uploads\/2026\/01\/01-scaled.jpg)\" title=\"Broken presence\"><img decoding=\"async\" src=\"https:\/\/annapapp.art\/wp-content\/uploads\/2026\/01\/01-scaled.jpg\" title=\"Broken presence\" alt=\"Broken presence\" \/><div class=\"portfolio-item-infos-wrapper\" style=\"background-color:\"><div class=\"portfolio-item-infos\"><div class=\"portfolio-item-title\"><span class=\"portfolio-item-title-span\">Broken presence<\/span><\/div><div class=\"portfolio-item-category\"><\/div><\/div><\/div><\/a><\/div><div class=\"portfolio-item-wrapper 602 post-130 page type-page status-publish hentry\"><a href=\"https:\/\/annapapp.art\/?elemenfolio=metamorphosis-ii\" class=\"portfolio-item \" style=\"background-image: url(https:\/\/annapapp.art\/wp-content\/uploads\/2026\/01\/2025_summer-scaled.jpg)\" title=\"Metamorphosis II\"><img decoding=\"async\" src=\"https:\/\/annapapp.art\/wp-content\/uploads\/2026\/01\/2025_summer-scaled.jpg\" title=\"Metamorphosis II\" alt=\"Metamorphosis II\" \/><div class=\"portfolio-item-infos-wrapper\" style=\"background-color:\"><div class=\"portfolio-item-infos\"><div class=\"portfolio-item-title\"><span class=\"portfolio-item-title-span\">Metamorphosis II<\/span><\/div><div class=\"portfolio-item-category\"><\/div><\/div><\/div><\/a><\/div><div class=\"portfolio-item-wrapper 597 post-130 page type-page status-publish hentry\"><a href=\"https:\/\/annapapp.art\/?elemenfolio=the-moment-before\" class=\"portfolio-item \" style=\"background-image: url(https:\/\/annapapp.art\/wp-content\/uploads\/2026\/01\/The-Moment-Before-scaled.jpg)\" title=\"The Moment Before\"><img decoding=\"async\" src=\"https:\/\/annapapp.art\/wp-content\/uploads\/2026\/01\/The-Moment-Before-scaled.jpg\" title=\"The Moment Before\" alt=\"The Moment Before\" \/><div class=\"portfolio-item-infos-wrapper\" style=\"background-color:\"><div class=\"portfolio-item-infos\"><div class=\"portfolio-item-title\"><span class=\"portfolio-item-title-span\">The Moment Before<\/span><\/div><div class=\"portfolio-item-category\"><\/div><\/div><\/div><\/a><\/div><div class=\"portfolio-item-wrapper 589 post-130 page type-page status-publish hentry\"><a href=\"https:\/\/annapapp.art\/?elemenfolio=divided-presence\" class=\"portfolio-item \" style=\"background-image: url(https:\/\/annapapp.art\/wp-content\/uploads\/2026\/01\/Divided-Presence-scaled.jpg)\" title=\"Divided Presence\"><img decoding=\"async\" src=\"https:\/\/annapapp.art\/wp-content\/uploads\/2026\/01\/Divided-Presence-scaled.jpg\" title=\"Divided Presence\" alt=\"Divided Presence\" \/><div class=\"portfolio-item-infos-wrapper\" style=\"background-color:\"><div class=\"portfolio-item-infos\"><div class=\"portfolio-item-title\"><span class=\"portfolio-item-title-span\">Divided Presence<\/span><\/div><div class=\"portfolio-item-category\"><\/div><\/div><\/div><\/a><\/div><div class=\"portfolio-item-wrapper 584 post-130 page type-page status-publish hentry\"><a href=\"https:\/\/annapapp.art\/?elemenfolio=metamorphosis\" class=\"portfolio-item \" style=\"background-image: url(https:\/\/annapapp.art\/wp-content\/uploads\/2025\/09\/hrhrdh-scaled.jpg)\" title=\"Metamorphosis\"><img decoding=\"async\" src=\"https:\/\/annapapp.art\/wp-content\/uploads\/2025\/09\/hrhrdh-scaled.jpg\" title=\"Metamorphosis\" alt=\"Metamorphosis\" \/><div class=\"portfolio-item-infos-wrapper\" style=\"background-color:\"><div class=\"portfolio-item-infos\"><div class=\"portfolio-item-title\"><span class=\"portfolio-item-title-span\">Metamorphosis<\/span><\/div><div class=\"portfolio-item-category\"><\/div><\/div><\/div><\/a><\/div><div class=\"portfolio-item-wrapper 565 post-130 page type-page status-publish hentry\"><a href=\"https:\/\/annapapp.art\/?elemenfolio=oil-on-canvas\" class=\"portfolio-item \" style=\"background-image: url(https:\/\/annapapp.art\/wp-content\/uploads\/2025\/09\/gsdgdh-scaled.jpg)\" title=\"A szir\u00e9nek cs\u00f6ndje\"><img decoding=\"async\" src=\"https:\/\/annapapp.art\/wp-content\/uploads\/2025\/09\/gsdgdh-scaled.jpg\" title=\"A szir\u00e9nek cs\u00f6ndje\" alt=\"A szir\u00e9nek cs\u00f6ndje\" \/><div class=\"portfolio-item-infos-wrapper\" style=\"background-color:\"><div class=\"portfolio-item-infos\"><div class=\"portfolio-item-title\"><span class=\"portfolio-item-title-span\">A szir\u00e9nek cs\u00f6ndje<\/span><\/div><div class=\"portfolio-item-category\"><\/div><\/div><\/div><\/a><\/div><div class=\"portfolio-item-wrapper 553 post-130 page type-page status-publish hentry\"><a href=\"https:\/\/annapapp.art\/?elemenfolio=szirenek\" class=\"portfolio-item \" style=\"background-image: url(https:\/\/annapapp.art\/wp-content\/uploads\/2025\/09\/unnamed-6-scaled.jpg)\" title=\"Szir\u00e9nek\"><img decoding=\"async\" src=\"https:\/\/annapapp.art\/wp-content\/uploads\/2025\/09\/unnamed-6-scaled.jpg\" title=\"Szir\u00e9nek\" alt=\"Szir\u00e9nek\" \/><div class=\"portfolio-item-infos-wrapper\" style=\"background-color:\"><div class=\"portfolio-item-infos\"><div class=\"portfolio-item-title\"><span class=\"portfolio-item-title-span\">Szir\u00e9nek<\/span><\/div><div class=\"portfolio-item-category\"><\/div><\/div><\/div><\/a><\/div><div class=\"portfolio-item-wrapper 543 post-130 page type-page status-publish hentry\"><a href=\"https:\/\/annapapp.art\/?elemenfolio=sigh-in-the-night\" class=\"portfolio-item \" style=\"background-image: url(https:\/\/annapapp.art\/wp-content\/uploads\/2025\/09\/nigh-watcher.jpg)\" title=\"Sigh in the night\"><img decoding=\"async\" src=\"https:\/\/annapapp.art\/wp-content\/uploads\/2025\/09\/nigh-watcher.jpg\" title=\"Sigh in the night\" alt=\"Sigh in the night\" \/><div class=\"portfolio-item-infos-wrapper\" style=\"background-color:\"><div class=\"portfolio-item-infos\"><div class=\"portfolio-item-title\"><span class=\"portfolio-item-title-span\">Sigh in the night<\/span><\/div><div class=\"portfolio-item-category\"><\/div><\/div><\/div><\/a><\/div><div class=\"portfolio-item-wrapper 526 post-130 page type-page status-publish hentry\"><a href=\"https:\/\/annapapp.art\/?elemenfolio=plasztik-tenger\" class=\"portfolio-item \" style=\"background-image: url(https:\/\/annapapp.art\/wp-content\/uploads\/2025\/09\/unnamed-1-scaled.jpg)\" title=\"Plasztik tenger\"><img decoding=\"async\" src=\"https:\/\/annapapp.art\/wp-content\/uploads\/2025\/09\/unnamed-1-scaled.jpg\" title=\"Plasztik tenger\" alt=\"Plasztik tenger\" \/><div class=\"portfolio-item-infos-wrapper\" style=\"background-color:\"><div class=\"portfolio-item-infos\"><div class=\"portfolio-item-title\"><span class=\"portfolio-item-title-span\">Plasztik tenger<\/span><\/div><div class=\"portfolio-item-category\"><\/div><\/div><\/div><\/a><\/div><div class=\"portfolio-item-wrapper 503 post-130 page type-page status-publish hentry\"><a href=\"https:\/\/annapapp.art\/?elemenfolio=the-breath-of-the-frozen-future\" class=\"portfolio-item \" style=\"background-image: url(https:\/\/annapapp.art\/wp-content\/uploads\/2024\/11\/12-scaled.jpg)\" title=\"The Breath of the Frozen Future\"><img decoding=\"async\" src=\"https:\/\/annapapp.art\/wp-content\/uploads\/2024\/11\/12-scaled.jpg\" title=\"The Breath of the Frozen Future\" alt=\"The Breath of the Frozen Future\" \/><div class=\"portfolio-item-infos-wrapper\" style=\"background-color:\"><div class=\"portfolio-item-infos\"><div class=\"portfolio-item-title\"><span class=\"portfolio-item-title-span\">The Breath of the Frozen Future<\/span><\/div><div class=\"portfolio-item-category\"><\/div><\/div><\/div><\/a><\/div><div class=\"portfolio-item-wrapper 472 post-130 page type-page status-publish hentry\"><a href=\"https:\/\/annapapp.art\/?elemenfolio=thetisz\" class=\"portfolio-item \" style=\"background-image: url(https:\/\/annapapp.art\/wp-content\/uploads\/2024\/11\/14-scaled.jpg)\" title=\"Thetisz\"><img decoding=\"async\" src=\"https:\/\/annapapp.art\/wp-content\/uploads\/2024\/11\/14-scaled.jpg\" title=\"Thetisz\" alt=\"Thetisz\" \/><div class=\"portfolio-item-infos-wrapper\" style=\"background-color:\"><div class=\"portfolio-item-infos\"><div class=\"portfolio-item-title\"><span class=\"portfolio-item-title-span\">Thetisz<\/span><\/div><div class=\"portfolio-item-category\"><\/div><\/div><\/div><\/a><\/div><div class=\"portfolio-item-wrapper 466 post-130 page type-page status-publish hentry\"><a href=\"https:\/\/annapapp.art\/?elemenfolio=galateia\" class=\"portfolio-item \" style=\"background-image: url(https:\/\/annapapp.art\/wp-content\/uploads\/2024\/11\/11-scaled.jpg)\" title=\"Galateia\"><img decoding=\"async\" src=\"https:\/\/annapapp.art\/wp-content\/uploads\/2024\/11\/11-scaled.jpg\" title=\"Galateia\" alt=\"Galateia\" \/><div class=\"portfolio-item-infos-wrapper\" style=\"background-color:\"><div class=\"portfolio-item-infos\"><div class=\"portfolio-item-title\"><span class=\"portfolio-item-title-span\">Galateia<\/span><\/div><div class=\"portfolio-item-category\"><\/div><\/div><\/div><\/a><\/div><div class=\"portfolio-item-wrapper 442 post-130 page type-page status-publish hentry\"><a href=\"https:\/\/annapapp.art\/?elemenfolio=medusza-pillantasa\" class=\"portfolio-item \" style=\"background-image: url(https:\/\/annapapp.art\/wp-content\/uploads\/2024\/11\/p_-7-scaled.jpg)\" title=\"Medusza pillant\u00e1sa\"><img decoding=\"async\" src=\"https:\/\/annapapp.art\/wp-content\/uploads\/2024\/11\/p_-7-scaled.jpg\" title=\"Medusza pillant\u00e1sa\" alt=\"Medusza pillant\u00e1sa\" \/><div class=\"portfolio-item-infos-wrapper\" style=\"background-color:\"><div class=\"portfolio-item-infos\"><div class=\"portfolio-item-title\"><span class=\"portfolio-item-title-span\">Medusza pillant\u00e1sa<\/span><\/div><div class=\"portfolio-item-category\"><\/div><\/div><\/div><\/a><\/div><div class=\"portfolio-item-wrapper 425 post-130 page type-page status-publish hentry\"><a href=\"https:\/\/annapapp.art\/?elemenfolio=amphitrite\" class=\"portfolio-item \" style=\"background-image: url(https:\/\/annapapp.art\/wp-content\/uploads\/2025\/09\/nimfa02.jpg)\" title=\"Amphitrit\u00e9\"><img decoding=\"async\" src=\"https:\/\/annapapp.art\/wp-content\/uploads\/2025\/09\/nimfa02.jpg\" title=\"Amphitrit\u00e9\" alt=\"Amphitrit\u00e9\" \/><div class=\"portfolio-item-infos-wrapper\" style=\"background-color:\"><div class=\"portfolio-item-infos\"><div class=\"portfolio-item-title\"><span class=\"portfolio-item-title-span\">Amphitrit\u00e9<\/span><\/div><div class=\"portfolio-item-category\"><\/div><\/div><\/div><\/a><\/div><div class=\"portfolio-item-wrapper 419 post-130 page type-page status-publish hentry\"><a href=\"https:\/\/annapapp.art\/?elemenfolio=heszperisz\" class=\"portfolio-item \" style=\"background-image: url(https:\/\/annapapp.art\/wp-content\/uploads\/2025\/09\/nimfa08-scaled.jpg)\" title=\"Heszperisz\"><img decoding=\"async\" src=\"https:\/\/annapapp.art\/wp-content\/uploads\/2025\/09\/nimfa08-scaled.jpg\" title=\"Heszperisz\" alt=\"Heszperisz\" \/><div class=\"portfolio-item-infos-wrapper\" style=\"background-color:\"><div class=\"portfolio-item-infos\"><div class=\"portfolio-item-title\"><span class=\"portfolio-item-title-span\">Heszperisz<\/span><\/div><div class=\"portfolio-item-category\"><\/div><\/div><\/div><\/a><\/div><\/div><\/div>\t\t\n\n\t\t\t\n\n\t\t<script><\/script>\n\t\t\t\n\n\t\t\t\t<\/div>\n\t\t\t\t<\/div>\n\t\t\t\t\t<\/div>\n\t\t\t\t<\/div>\n\t\t\t\t<\/div>\n\t\t","protected":false},"excerpt":{"rendered":"<p>A szir\u00e9nek cs\u00f6ndjeSzir\u00e9nekSigh in the nightPlasztik tengerThe Breath of the Frozen FutureThetiszGalateiaMainaszKal\u00fcpsz\u00f3 visszav\u00e1r!Daphn\u00e9Medusza pillant\u00e1saArtemisz k\u00eds\u00e9r\u0151jeAmphitrit\u00e9HeszperiszDion\u00fcszosz nimf\u00e1ja\u00c9jjeli nimfa<\/p>\n","protected":false},"author":1,"featured_media":0,"parent":0,"menu_order":0,"comment_status":"closed","ping_status":"closed","template":"elementor_header_footer","meta":{"footnotes":""},"class_list":["post-130","page","type-page","status-publish","hentry"],"_links":{"self":[{"href":"https:\/\/annapapp.art\/index.php?rest_route=\/wp\/v2\/pages\/130","targetHints":{"allow":["GET"]}}],"collection":[{"href":"https:\/\/annapapp.art\/index.php?rest_route=\/wp\/v2\/pages"}],"about":[{"href":"https:\/\/annapapp.art\/index.php?rest_route=\/wp\/v2\/types\/page"}],"author":[{"embeddable":true,"href":"https:\/\/annapapp.art\/index.php?rest_route=\/wp\/v2\/users\/1"}],"replies":[{"embeddable":true,"href":"https:\/\/annapapp.art\/index.php?rest_route=%2Fwp%2Fv2%2Fcomments&post=130"}],"version-history":[{"count":61,"href":"https:\/\/annapapp.art\/index.php?rest_route=\/wp\/v2\/pages\/130\/revisions"}],"predecessor-version":[{"id":576,"href":"https:\/\/annapapp.art\/index.php?rest_route=\/wp\/v2\/pages\/130\/revisions\/576"}],"wp:attachment":[{"href":"https:\/\/annapapp.art\/index.php?rest_route=%2Fwp%2Fv2%2Fmedia&parent=130"}],"curies":[{"name":"wp","href":"https:\/\/api.w.org\/{rel}","templated":true}]}}